*3 + 13*z**2 - 8*z + 4. Let g be n(-13). Suppose 0 = 2*p + 2*p - g. List the prime factors of p.
3
Let y(l) = -113*l + 5. List the prime factors of y(-2).
3, 7, 11
Suppose -216 - 96 = -4*v. What are the prime factors of v?
2, 3, 13
Suppose -2*g = -8 - 4. Let y be (-554)/(-10) - g/15. Let f = -35 + y. What are the prime factors of f?
2, 5
Suppose -2*j = -5*s - 6*j + 850, -5*s + 850 = -3*j. What are the prime factors of s?
2, 5, 17
Suppose -5*l + 5*p - 3 = 7, -l + 4*p = -4. Let a = l + 6. What are the prime factors of a?
2
Let k(y) = 5*y**2 + 4*y - 6. What are the prime factors of k(-5)?
3, 11
Let a(v) = v**3 + 5*v**2 + 3*v + 1. Let p be a(-3). Suppose 4*t - p = 2. List the prime factors of t.
3
Let p be (6/2 - -2) + -3. Let g(z) = -3 - 13*z + z**p + 10*z + 2. List the prime factors of g(5).
3
Let y(a) = -a + 6. Let c be y(5). Suppose 0 = w + 2 - c. List the prime factors of -3 + 2 - (-11 - w).
3
Let y be (-1444)/(-44) + 2/11. Suppose q - 5*u + 27 = 3*q, y = 4*q + 3*u. What are the prime factors of q?
2, 3
Let b(x) = x - 1. Let c be b(1). Let a be (-2)/(-12) + 46/12. Let k = a - c. What are the prime factors of k?
2
Let p(w) = 30*w**3 + w**2 + w - 2. What are the prime factors of p(1)?
2, 3, 5
Suppose g = -0*g + 5. Suppose -9*b + g*b = -52. What are the prime factors of b?
13
Let z be 8/((-48)/(-21) - 2). Suppose -7 = 3*y - z. List the prime factors of y.
7
What are the prime factors of (1 - 1 - -4 - 5) + 187?
2, 3, 31
Let l be 3/4 - (-1)/4. Let o(m) be the first derivative of 5*m**4/4 + 2*m**3/3 - m - 4. List the prime factors of o(l).
2, 3
Let x be ((-4)/(-6))/((-10)/(-75)). Suppose -3*l + x*t = 8 - 2, l = -2*t + 9. What are the prime factors of l?
3
What are the prime factors of 20 - 1*(-16)/(-4)?
2
Suppose 0*u - 19 = u. Let d = -9 - u. What are the prime factors of d?
2, 5
Suppose 0 = 3*t - 3, -5*h - 4*t + 22 = -2*t. Suppose 19 = 5*u + h*y, 5*u + 0*y = -y + 16. List the prime factors of u.
3
Suppose -3*a - 86 = -4*g, -2*a - 49 = -0*a - g. Let c = -15 - a. What are the prime factors of c?
7
Suppose -5*x - l + 856 = 0, -2*x = -x + 3*l - 160. What are the prime factors of x?
2, 43
Suppose 3*j = 6*j + 240. What are the prime factors of j/(-56)*(-1 - -8)?
2, 5
Let c = 0 + 3. Suppose 3*l - c = 3. Suppose -6*v + 40 = -l*v. What are the prime factors of v?
2, 5
Suppose -5*i = -10*i. Let t(k) be the first derivative of -k**3/3 + 11*k + 1. What are the prime factors of t(i)?
11
Suppose 4 = 2*b - b. Suppose -2*v = 2*n + 3 + 3, 3*v - 2*n = 6. Suppose -4*h - b + 48 = v. What are the prime factors of h?
11
Let b = -4 + 3. List the prime factors of (-1)/((-2)/(-68)*b).
2, 17
Let d = 0 - 5. Let k = 20 + d. What are the prime factors of k?
3, 5
Let q be (2 + (-9)/(-3))*1. Suppose 5*u - 73 = -4*m, 0*m = -3*m + q*u + 81. List the prime factors of m.
2, 11
Suppose c - 6*c + 20 = 0. Let v be 3/2 - (-70)/c. Let h = v - 8. List the prime factors of h.
11
Suppose 0 = 5*s - 3*c - 134, -4*c + 38 = 3*s - s. List the prime factors of s.
5
Let m = 230 + -163. What are the prime factors of m?
67
Let n(i) = i + 27. What are the prime factors of n(9)?
2, 3
Let k = 40 - -3. List the prime factors of k.
43
Suppose f + 8 = 5*f. Let g(w) = 0 - f + 1 - 7*w. What are the prime factors of g(-2)?
13
Suppose 3*q - y = -0*y + 576, 773 = 4*q - 3*y. What are the prime factors of q?
191
Suppose t - 9 = -3*c, -4*t + 3*c + 21 = -15. What are the prime factors of t?
3
Suppose -27 = -3*w - 3*q, -5*q - 1 + 4 = 2*w. Let z = 38 - w. Suppose z = 3*f + f. What are the prime factors of f?
2, 3
Let i = 3 + 2. Let l(k) = -k + 2. Let y be l(i). Let u = 12 + y. List the prime factors of u.
3
Suppose 0*c = 2*c. Suppose c = 2*o - 0*o. Suppose 30 = 2*b + 2*g, 0 = -2*b - o*b + g + 18. What are the prime factors of b?
11
Let t(x) be the first derivative of -x**2 - x - 4. Let b be t(-2). List the prime factors of -13*(1 - (b + -1)).
13
List the prime factors of 126/5*10/3.
2, 3, 7
List the prime factors of (-7)/((-35)/2) + (-338)/(-5).
2, 17
Let b(j) = j**2 - j. Let k be b(0). Let f(a) = k*a - 7*a + 3 + a**2 + 0*a**2. List the prime factors of f(8).
11
Let c(r) be the third derivative of -r**5/60 - r**4/4 - r**3/3 + 2*r**2. Let z be c(-6). Let g(f) = -7*f - 2. List the prime factors of g(z).
2, 3
Let y(i) = -i**3 + 4*i**2 + 3. Let m = 5 + -2. Suppose m*b = 7 + 2. List the prime factors of y(b).
2, 3
Let p(n) = 5*n + 2. What are the prime factors of p(5)?
3
Let f = -4 - -6. Suppose f*b - 3*b = -7. List the prime factors of b.
7
Let u(q) = 0*q - 2 - 2*q + 5. Let d(s) = s**2 - 6*s - 19. Let n be d(8). What are the prime factors of u(n)?
3
Let u(t) = -t**3 - 4*t**2 + 4*t + 12. List the prime factors of u(-5).
17
Let d(x) = 4*x**2 + x. Let u be d(-1). Suppose 7 = -u*p - 17. What are the prime factors of (2 - -1)*p/(-6)?
2
Suppose -2*p - 7 = -0*p + q, p - 13 = 5*q. Let z be -1 + 2 + 0 - p. Suppose -4 + 1 = z*b, 3*b = -c + 9. What are the prime factors of c?
2, 3
Suppose -4*w = -2*d + 24, d = 6*d + 4*w - 4. Let q = d + 0. What are the prime factors of 4*2/q + 4?
2, 3
Let d be 2/2 + 0 - 6. Let f(b) = -b - 7. Let w be f(d). List the prime factors of (w/(-5))/((-2)/(-20)).
2
Suppose 9*n - 51 = 6*n. What are the prime factors of n?
17
Suppose -f = 4*f + 25, 0 = -3*w + 3*f + 3. Let g = 10 + w. List the prime factors of g.
2, 3
Suppose 0*v + 12 = 2*v. List the prime factors of (2 - (-9)/(-6))*v.
3
Let d be (-1 + 0)*(3 - -1). Let m be 18/d*(-64)/12. Suppose -3*h = h - m. List the prime factors of h.
2, 3
Suppose 0 = h + 3*r - 62 - 75, 0 = 2*h + r - 289. What are the prime factors of h?
2, 73
Suppose -4*m + 9 = 1. Suppose -1 = m*u - 5. List the prime factors of u.
2
Let b be 1 + 2*7 - 0. Let x be (-3)/b + (-1)/(-5). List the prime factors of x + 5 + (-8)/4.
3
Let i = -18 + 18. Suppose 5*g - 5*n - 55 - 90 = i, 5*g - 195 = -5*n. List the prime factors of g.
2, 17
Suppose 3*w - 9 = -4*y + 2*w, 1 = y - w. Suppose -y*v + v = -72. List the prime factors of (2/(-6))/((-4)/v).
2, 3
Suppose -a - 37 = -4*p - 1, p - 3*a = -2. Let k = p + -6. Suppose -30 = 2*x - k*x. List the prime factors of x.
3, 5
Suppose 228 = 2*q + 3*s, 4*s = s. List the prime factors of q.
2, 3, 19
List the prime factors of 38 - (-6 + 3 + 0).
41
Let k = 16 - 22. Let v(m) = -3*m - 6. List the prime factors of v(k).
2, 3
Suppose -k - 3*k = 4*r + 8, 0 = -4*k - 5*r - 10. Suppose k = -4*p + 6*p. Suppose p = 3*g - 5 - 13. List the prime factors of g.
2, 3
Let i(x) = -18*x + 3. Let q be i(5). Let z = -62 - q. Suppose 4*m - 45 = -5*o, 0 = -2*o - 2*m + z - 5. List the prime factors of o.
5
Let y be (-230)/(-5) - (-1 - 2). Let x = 72 - y. List the prime factors of x.
23
Let a(p) = 2*p**2 - 5*p - 1. Let r be a(4). Let q = 19 - r. What are the prime factors of q?
2
Let z = 7 - 10. Let o(i) = 7*i**2 + 6*i. Let u(y) = -9*y**2 - 7*y - 1. Let j(t) = -4*o(t) - 3*u(t). List the prime factors of j(z).
3
List the prime factors of 5*-5*14/(-14).
5
Let a(u) = 2*u**2 - 3. List the prime factors of a(-4).
29
What are the prime factors of (-98)/(-14)*(-180)/(-14)?
2, 3, 5
List the prime factors of -3 - 504/(8/(-2)) - 4.
7, 17
Suppose -7*l = -2*l - 105. Suppose 3*u = 2*u + 1, 4*u = c - l. Let j = 38 - c. List the prime factors of j.
13
Let v be 16/(-3) - (-8)/(-12). What are the prime factors of v/((-2)/(28/3))?
2, 7
Suppose -3*o - 2*s = 11, o + s + 4*s = -21. Let r(n) = -6*n. List the prime factors of r(o).
2, 3
Let n(y) = -9*y - 3. List the prime factors of n(-5).
2, 3, 7
Let i(z) = 4*z + 12. What are the prime factors of i(5)?
2
Suppose -8 = 5*f + 12. Let w be 1*(-3)/6*f. Suppose 0 = -4*x + 5*x - w, z - 13 = -3*x. List the prime factors of z.
7
Let w be 724/14 + (-4)/(-14). Suppose 5*a - 205 = g, -6*g - 110 = -3*a - 8*g. Suppose -3*x - 3 = 0, 2*x = 5*f - a - w. What are the prime factors of f?
2, 3
Suppose 4*l - 2 = -2*o, l - 3 = -3*o - 3*l. Suppose x = o, -4*x = 2*f - 5*f + 32. List the prime factors of f.
2, 3
Let n(j) = 5*j**3 + j**2 - 9*j - 6. Let r(b) = -b**3 + 1 + 2*b + 4*b**2 - 3*b + 2*b - 3*b**2. Let f(i) = -n(i) - 4*r(i). What are the prime factors of f(-6)?
2
Suppose -4*j = 5 - 17. Suppose -p + 4*p - 4*l = 91, -j*l - 12 = 0. What are the prime factors of p?
5
Suppose -16 - 16 = -4*j. Let g(w) = 5*w + 5 - j*w**2 + 7*w**2 - 3. What are the prime factors of g(4)?
2, 3
L